13 + 7. Suppose 0 = 5*f - 9*f - 12. What is z(f)?
-5
Let s = 364 + 392. Let z(h) = 756*h**2 - s*h**2 + h**3 - h. Let l be 4/10 + 3/5. Calculate z(l).
0
Let r(t) = 1440 - 2902 - 4*t + t**2 + 1453. Determine r(5).
-4
Suppose -5*s - 4 = 2*k - 12, k = -2*s + 4. Suppose 0 = -3*t + k*l - 7, -4*t - 4 = -l - 3*l. Suppose t*v + 15 = -2*v. Let r(q) = q - 4. What is r(v)?
-7
Suppose -9*d + 12*d - 93 = 0. Let q = d + -24. Let z(m) = m - 14. Give z(q).
-7
Let j(y) = 15*y**3 - 4*y**2 + 6*y - 1. Let i(h) = 14*h**3 - 3*h**2 + 4*h - 1. Let l(s) = -4*i(s) + 3*j(s). Let f be (0 + 0)/1 + -1. Calculate l(f).
10
Let j(i) = i**2 + 3*i + 1. Let p(n) be the first derivative of -n**3/3 + 4*n**2 + 19*n + 5. Let c be p(10). Calculate j(c).
-1
Let z(d) be the third derivative of d**4/24 - 4*d**3/3 - 129*d**2. Determine z(6).
-2
Let c(b) be the first derivative of 1/24*b**4 + 0*b**2 + 1/120*b**5 - 1/72*b**6 - 8/3*b**3 + 0*b - 7. Let j(i) be the third derivative of c(i). Give j(-1).
-5
Let q(i) = i**3 + 8*i**2 - 9*i + 2. Let o(x) = x**3 - 5*x**2 - 5*x - 15. Let m be o(6). Calculate q(m).
2
Let b(d) be the first derivative of -d**6/90 + 14*d**3/3 - 17. Let m(j) be the third derivative of b(j). Give m(-1).
-4
Let j(r) = r - 5. Let s be j(3). Let o(a) be the first derivative of 0*a**2 + 1/3*a**3 - a + 26. What is o(s)?
3
Let x(b) = b**3 + b**2 + 29*b. Let k(l) = 2*l**3 + 3*l**2 + 52*l - 1. Let s(m) = -4*k(m) + 7*x(m). Let u be 1*5*12/(-15). What is s(u)?
8
Let i(p) = 29*p + 5. Let l be 3*9/(-6)*(-32)/(-18). Let a(y) = -19*y - 3. Let x(q) = l*a(q) - 5*i(q). What is x(-1)?
-8
Let d(y) = -y**3 - 5*y**2 - y + 4. Let v = -4 - -18. Suppose -4*a - 30 = v. Let z = a - -8. What is d(z)?
-11
Let n be -11*((-20)/15 - 1/(-3)). Let i = -15 + n. Let d(o) = 5 - 5 - o + 1. Give d(i).
5
Let d(x) = -5*x**2 + x - 2. Let u = 7 - -5. Suppose u = 21*t - 15*t. Calculate d(t).
-20
Let v(x) = -7*x**3 - 10*x**2 - 7*x - 6. Let r(z) = -13*z**3 - 19*z**2 - 13*z - 11. Let n = 83 + -89. Let i(f) = n*r(f) + 11*v(f). What is i(-2)?
6
Let l(n) = -6*n**2 + 9*n. Let b(f) = -f**2 + f. Let z(u) = -5*b(u) + l(u). Suppose 21*p - 14*p = 231. Suppose -p = -15*g + 12. Give z(g).
3
Let i(v) = v**2 + 15*v + 14. Let r = 451 - 465. Determine i(r).
0
Suppose -4*f - 2*n = -40, 4*n = f - 15 - 13. Let d(s) = s**3 - 12*s**2 + s - 9. Calculate d(f).
3
Let f(o) = o**3 + 2*o**2 - 1. Let j(s) = -4*s**3 - 11*s**2 + 8*s + 11. Let d(m) = 3*f(m) + j(m). What is d(-6)?
-4
Let h be 11 - (1 + 5) - 3. Let g(k) be the second derivative of -1/2*k**2 + 0 + 1/12*k**4 + 2/3*k**3 + h*k. Determine g(-6).
11
Let m = -577 + 562. Let d(r) = -r**3 - 14*r**2 + 14*r - 18. Calculate d(m).
-3
Let n(s) = -51 + 51 - 11*s. Give n(1).
-11
Suppose -2*h - 6 = -6*h - 5*r, -2*h = 4*r. Let y(b) = b - 251 - b**3 + 126 + 123 + 4*b**2. What is y(h)?
2
Suppose 3*s + 3*m = 0, -2*m = 5*s - 0*m - 6. Let f(y) = 0*y**s - 2*y**2 - 4*y**3 + 3*y**3 + 1 - 3*y**3. Let q be (-2)/3 + (0 + 9)/(-27). What is f(q)?
3
Let g(d) = -d**2 + 3. Suppose w + 0*w = 7. Suppose -7*z = -2*z + l - 23, z - w = -l. Let m(p) = p**3 - 3*p**2 - 5*p + 1. Let x be m(z). Calculate g(x).
-6
Let n be -3*(56/6 + -1). Let k be -32 + -3 + 48/8. Let p = n - k. Let a(l) = -l**3 + 5*l**2 - 7*l + 4. What is a(p)?
-8
Let x(l) = 420*l + 425*l - 840*l - 6. Give x(-12).
-66
Let z be 3 + -3 - 2*-1. Let v(g) = -3*g + z - 8 + 2 + 0*g. Let w(u) = -5*u - 6. Let y(h) = 8*v(h) - 5*w(h). Give y(2).
0
Suppose 0 = 6*m - m - 25. Suppose 0 = m*n - 11 - 14. Let w(s) = s**2 - 5*s - 1. Determine w(n).
-1
Let w be (0 - -1) + 0 + 3. Let f(h) be the third derivative of -h**5/60 + h**4/12 - h**3/6 + 129*h**2. Determine f(w).
-9
Let a(k) = 7*k - 16. Let q(c) = -c**2 - 11*c + 315. Let o be q(13). Determine a(o).
5
Let j(m) be the third derivative of 7*m**5/30 + m**4/24 + 13*m**3/2 - 14*m**2. Let b(c) be the first derivative of j(c). What is b(1)?
29
Let u(h) = h**3 + 4*h**2 - h + 1. Let z(q) = q. Let o be z(0). Let b be (1 - (-3 + 3)) + -5. Let c = b + o. What is u(c)?
5
Let o(j) = -10*j - 291. Let a be o(-29). Let u(t) = -2*t**3 + t**2 - 2*t - 2. Give u(a).
3
Let d(x) = x**3 + 15*x**2 + 13*x - 23. Let c be d(-14). Let v(z) = -z**2 - 8*z + 7. What is v(c)?
-2
Let c(k) = -15*k - 114. Let j be c(-8). Let x(y) = y. Give x(j).
6
Let c(o) be the third derivative of o**6/15 - o**4/24 + 16*o**2. Let j be (-66)/(-24) - (-2)/8. Suppose 4*m - 10 = 2*g, 2*g - 2*m = -j*g - 1. What is c(g)?
7
Let d(s) = -s - 3. Suppose 0 = -0*p + 3*p + 24. Let m be 3/(-2*3)*p. Give d(m).
-7
Let s(y) be the third derivative of -3*y**2 + 1/24*y**4 - y**3 + 0*y + 0. What is s(5)?
-1
Suppose -5*l + 8 + 22 = 0. Let h(k) = -9*k + 4*k - k + 9 + 4*k + 6*k**2 - k**3. Give h(l).
-3
Let l(k) = 52 + 1593*k + 1592*k - 3193*k. Calculate l(7).
-4
Let o(i) = -2*i**3 + 57*i - 58*i + 3*i**3 - 11 + 6*i**2 + 7*i**2. Give o(-13).
2
Let x(q) = 2*q**2 + 3*q + 3. Let k be (-2 - -10)/(-11 - -9). Let s be -3 + (15 + k - 4). Suppose -13 = s*p - 5. Determine x(p).
5
Suppose -3*z + 7 = 1. Let o(a) = -8*a + 6*a**2 + 6 + 2*a**2 + 7*a**z - 16*a**2. Suppose -4*j - 40 = j - q, 5*j = 2*q - 40. What is o(j)?
6
Suppose 5 = -8*q + 3*q. Let w(j) = -j - 13. Let x be w(-21). Let u(y) = x + y - 8. What is u(q)?
-1
Let d(w) = -w**3 + 12*w**2 - 24*w - 26. Let x be d(9). Let a(u) = u**2 - u - 4. Let b be a(3). Let c(j) = 5 + b*j**2 - 12*j**2 - 3 - x. Determine c(1).
-9
Let m(l) be the second derivative of l**8/6720 + l**7/420 - l**6/360 - 7*l**5/120 - 7*l**4/6 - 5*l. Let u(g) be the third derivative of m(g). What is u(-6)?
5
Let h(a) = -5*a**2 - 15*a - 2. Let c(d) = -3*d**2 - 13*d. Let q(w) = -3*c(w) + 2*h(w). Determine q(6).
14
Suppose -6*n + 477 + 213 = 0. Let r(j) = -j**2 - j - n + 0*j**2 + 120 + 0*j. Calculate r(0).
5
Let u(a) = 5*a. Suppose -16 = 3*j + 4*l, 2*j + 0*l = 2*l + 8. Let d = j + 1. What is u(d)?
5
Let q(g) = 6*g + 1. Let s(j) = j**3 + 8*j**2 - 11*j - 6. Let n be s(-9). Suppose -10*r + n*r - 34 = 0. Let x = r - 18. What is q(x)?
-5
Let k(x) be the second derivative of x**5/20 - x**4/4 + x**3/6 + 3*x**2/2 + 47*x. Determine k(3).
6
Let k(h) = -h**2 - 4*h + 1. Suppose 6*i + g + 113 = 3*i, -191 = 5*i + g. Let z = i + 37. What is k(z)?
5
Let u(n) be the first derivative of n**4/6 - n**3/2 - n**2 - 5*n - 12. Let h(v) be the first derivative of u(v). Calculate h(-2).
12
Let c(v) be the first derivative of -v + v**3 - 22 - 1/4*v**4 + 5/2*v**2. Calculate c(4).
3
Let d be (-5)/((-20)/(-8)) - -24. Suppose -d = -5*c - 7. Suppose 5*b + c = -7. Let z(a) = 2*a**3 + a**2 - 2*a - 1. Determine z(b).
-9
Suppose -w + 4 = -2*c, 0 = c + 3*w - 11 - 1. Let u(a) = -3 + c*a**2 - a**2 - 1 - 19*a + 8*a. Determine u(-10).
6
Let n(b) = 14 + 2*b + 9 - 5 + b**3 + 13*b + 3*b**2 + 11*b**2. Determine n(-13).
-8
Let b(p) = -3*p. Let v(f) = -5*f. Let s(c) = -8*b(c) + 5*v(c). Let h(y) = -31*y - 34*y - 29*y + 1 + 89*y. Let z(i) = h(i) - 3*s(i). Determine z(3).
-5
Suppose 2 + 6 = 4*h. Suppose -h*u - w = -3*u + 3, -9 = 5*u + 3*w. Let b(m) = m**3 + m**2 + m + 13. What is b(u)?
13
Let d(s) = 2*s - 2. Let l be 12 + ((-40)/(-15))/((-4)/6). Give d(l).
14
Let h(d) = 11*d - 12. Let k(a) = 23*a - 30. Let v(g) = 5*h(g) - 2*k(g). Suppose 0 = 3*p + w - 7, -5*p + 2*w = -0 + 3. Let q = p - 0. Determine v(q).
9
Let j be 1*(0 + (4 - 0)). Suppose -3 = 3*a, 0 = x - j*a - 5 + 2. Let f(o) = -3*o**2 - 14*o**2 + 1 - 2*o**2 + 18*o**2. Determine f(x).
0
Let b(n) = -n**3 + 12*n**2 - 11*n - 2. Let w be b(11). Let f = -1 - w. Let q(j) = 0 + 17*j + f + 19*j - 38*j. What is q(-3)?
7
Let p(g) = -g**3 + 6*g**2 - 6*g - 4. Let u(m) = -3*m**3 + 18*m**2 - 19*m - 12. Let n(z) = 7*p(z) - 2*u(z). What is n(5)?
1
Let z(p) = -3*p + 3. Suppose 2*d + 4 = 4*d - 2*l, 2*d = 5*l + 13. Let n be z(d). Let w(b) = b - 7. Calculate w(n).
-1
Let y(t) = t - 4. Let a(j) = -j**3 + 17*j**2 - 16*j + 8. Let n be a(16). Calculate y(n).
4
Suppose 2*s - x - 3 = -14, 5*x + 29 = -4*s. Suppose 0*o - 2*o + 4 = -2*d, d = -4*o + 28. Let j be (-40)/s + (-4)/o. Let r(f) = f**2 - 8*f + 4. Determine r(j).
-8
Suppose 5*a - 2*a = -18. Let c(t) = t**2 - 5 - 38*t + 47*t + 12 + 0*t**2. Calculate c(a).
-11
Let i(j) = 32*j**3 + j**2 - 4*j + 8. Let b(x) = 97*x**3 + 3*x**2 - 11*x + 22. Let k(w) = -4*b(w) + 11*i(w). Calculate k(-1).
35
Let c(q) = q**3 + 14*q**2 + 32*q. Let i be c(-11). Let m(s) = s**3 - 12*s